c - 1163328. Give w(-229).
-8
Let b(i) = 358*i**3 - 6*i**2 - 2155*i + 2161. What is b(1)?
358
Let o(j) = 22*j**3 + 4178*j**2 + 306*j + 130342. Determine o(-190).
2
Let g(c) = 4150*c + 167950. Calculate g(-41).
-2200
Let u(q) = -56*q**3 + 15*q**2 - q - 56. Give u(-2).
454
Let b(h) = -445*h - 14014. Determine b(-31).
-219
Let o(f) = -f**3 - 177*f**2 - 180*f - 565. Give o(-176).
139
Let j(s) = -2*s**2 + 333*s + 111463. Give j(-167).
74
Let k(c) = 280*c + 53501. Calculate k(-191).
21
Let k(y) = -79*y**2 + 76*y - 71. What is k(1)?
-74
Let k(b) = b**2 + 9503*b - 76114. Give k(8).
-26
Let u(r) = -15*r**2 - 164*r - 2601. Determine u(-17).
-4148
Let a(n) = n**3 - 37*n**2 + 187*n - 1672. Calculate a(20).
-4732
Let z(y) = 109*y + 9854. Calculate z(-86).
480
Let v(j) = -2*j**2 - 158*j - 1631. Determine v(-17).
477
Let b(q) = -q**3 - 1480*q**2 + 16371*q - 44744. What is b(-1491)?
-14
Let v(b) = -3046*b - 389875. Determine v(-128).
13
Let b(u) = 11*u**3 - 3029*u**2 + 1097*u + 173. What is b(275)?
-652
Let c(b) = -b**3 + 644*b**2 - 8147*b - 96. Give c(13).
632
Let o(r) = 102*r + 1140. Determine o(-15).
-390
Let b(k) = 526*k + 10968. What is b(-20)?
448
Let s(d) = -1609*d - 40121. Calculate s(-25).
104
Let c(w) = -2666*w + 42666. Determine c(16).
10
Let x(z) = -5488*z - 181216. Give x(-33).
-112
Let d(r) = 7*r**3 - 3*r**2 - 6*r - 406. Determine d(0).
-406
Let u(d) = -2*d**3 + 442*d**2 - 187*d - 55458. What is u(220)?
202
Let h(a) = -4*a**3 - 707*a**2 + 160*a - 2979. What is h(-177)?
30
Let f(a) = -8*a**2 + 66256*a + 331284. Give f(-5).
-196
Let l(i) = -8*i**2 + 61*i + 4126. Determine l(-28).
-3854
Let x(g) = -g**3 - 12*g**2 + 8*g + 14. What is x(-4)?
-146
Let z(u) = -213*u + 20266. Determine z(96).
-182
Let m(j) = -4*j**2 + 24*j - 459. Give m(12).
-747
Let t(j) = 313*j + 9908. Determine t(-32).
-108
Let p(t) = -7*t**2 + 122*t - 481. Give p(17).
-430
Let u(d) = -4155*d - 952011. Give u(-229).
-516
Let q(t) = -2*t**2 + 12378*t - 12376. What is q(1)?
0
Let h(p) = -265414*p + 530826. What is h(2)?
-2
Let m(l) = -5*l**2 - 127*l + 1137. What is m(10)?
-633
Let p(w) = 13*w**3 + 1508*w**2 - 12*w - 1407. What is p(-116)?
-15
Let g(o) = -122873*o - 1720110. What is g(-14)?
112
Let l(q) = -7388*q + 280750. Calculate l(38).
6
Let a(x) = x**3 - 80*x**2 - 526*x + 872. Calculate a(86).
12
Let i(s) = 2249*s - 287872. Determine i(128).
0
Let h(t) = 57*t**2 + 2738*t + 166. Give h(-48).
70
Let y(x) = 2*x**3 + 156*x**2 - 314*x - 24362. What is y(-78)?
130
Let x(h) = h**3 - 6*h**2 - 167*h + 25. What is x(17)?
365
Let g(r) = -274*r + 51984. What is g(187)?
746
Let m(r) = -3*r**2 - 1677*r - 50610. What is m(-32)?
-18
Let h(z) = z**2 + 4866*z - 58517. What is h(12)?
19
Let g(p) = 111*p - 3221. What is g(20)?
-1001
Let j(q) = -218*q**2 - 1503*q + 42. What is j(-7)?
-119
Let l(u) = 2*u**3 - 18*u**2 - 1962*u + 15768. Determine l(8).
-56
Let f(u) = -18992*u + 37961. Determine f(2).
-23
Let b(f) = -59764*f - 956220. Give b(-16).
4
Let h(x) = 3*x**3 - 7*x**2 - 1865*x + 5581. Calculate h(3).
4
Let c(j) = j**2 - 1170*j - 17420. Calculate c(-15).
355
Let q(j) = -272*j - 13062. Give q(-48).
-6
Let x(r) = -575*r**2 + 17218*r + 16. Give x(30).
-944
Let g(d) = -2*d**2 + 124*d + 506. What is g(-4)?
-22
Let h(p) = 2*p**3 + 80*p**2 + 77*p + 87. Determine h(-39).
126
Let q(t) = 295*t + 102. Calculate q(0).
102
Let o(z) = -2*z - 1067. Give o(-4).
-1059
Let y(h) = 3*h**2 - 74*h + 418. Calculate y(13).
-37
Let t(g) = -g**3 + 96*g**2 - 2308*g + 241. Determine t(47).
6
Let h(w) = -w**3 + 82*w**2 - 529*w + 21. Calculate h(7).
-7
Let c(v) = -20*v**2 + 1215*v - 2691. Calculate c(59).
-626
Let n(a) = -67*a**2 - 551*a - 2122. What is n(-4)?
-990
Let j(s) = -478*s + 535. Give j(3).
-899
Let t(h) = h**3 + 15*h**2 + 42*h + 156. Determine t(-13).
-52
Let l(u) = 8*u**2 - 2652*u + 185188. What is l(100)?
-12
Let l(f) = -492*f + 60030. Give l(122).
6
Let b(a) = 9*a**2 - 40*a - 310. Calculate b(-14).
2014
Let b(i) = 3*i**3 + 14*i**2 + 39*i + 121. What is b(-4)?
-3
Let k(u) = -4242*u + 1204741. Calculate k(284).
13
Let m(f) = -f**2 + 735*f + 136919. What is m(-154)?
13
Let w(c) = -c**3 - 867*c**2 + 9624*c - 46. What is w(11)?
-420
Let y(l) = 2*l**2 - 574*l + 1133. What is y(2)?
-7
Let a(o) = -536*o + 6939. What is a(9)?
2115
Let x(k) = -18*k**2 - 101*k + 9216. What is x(20)?
-4
Let l(i) = -9*i**2 - 1548*i - 4602. Determine l(-3).
-39
Let t(o) = -o**3 + 24*o**2 - 136*o - 4. What is t(11)?
73
Let c(p) = 16407*p + 16279. Determine c(-1).
-128
Let z(u) = -u**3 - 28*u**2 - 1259*u - 31398. What is z(-26)?
-16
Let g(v) = -338003*v - 14872128. Give g(-44).
4
Let k(h) = -h**2 + 370*h - 18091. Calculate k(58).
5
Let z(f) = -79995*f - 1199909. Give z(-15).
16
Let f(j) = j**3 - 469*j**2 + 22095*j - 19563. Give f(416).
-11
Let d(q) = -6*q**2 + 537*q + 2829. Give d(-5).
-6
Let u(b) = 13248*b - 3100018. Give u(234).
14
Let b(c) = -6*c**2 + 301*c - 364. Give b(33).
3035
Let b(v) = v**3 - 84*v**2 + 54*v - 4515. Determine b(84).
21
Let h(c) = 396*c**2 - 6467*c. Calculate h(0).
0
Let l(p) = -7*p**3 + 2145*p**2 + 5557*p + 1541. Give l(309).
-4
Let n(f) = -144*f**3 - 3*f**2 - 1783*f - 3561. Calculate n(-2).
1145
Let p(a) = a**3 + 41*a**2 + 296*a + 388. Give p(-32).
132
Let l(h) = -27*h**2 - 14820*h - 73422. Calculate l(-5).
3
Let f(o) = 2*o**3 + 534*o - 1393. What is f(0)?
-1393
Let p(l) = -2*l**2 - 97*l - 712. Determine p(-11).
113
Let n(d) = d**2 + 3600*d - 279372. Give n(76).
4
Let t(i) = -i**3 - 2*i**2 - 9*i + 275. What is t(8)?
-437
Let t(v) = -313230*v + 5638134. What is t(18)?
-6
Let x(l) = 208809*l + 626410. Give x(-3).
-17
Let s(k) = -16*k**2 - 512*k - 1478. Determine s(-3).
-86
Let v(t) = -t**3 + 298*t**2 - 608*t - 816. Calculate v(296).
-5552
Let x(p) = -46*p**3 - 8372*p**2 - p + 558. Calculate x(-182).
740
Let d(y) = -y**3 + 571*y**2 + 5251*y + 21. Give d(-9).
-258
Let s(q) = 59*q**2 + 5831*q - 102. Give s(-99).
888
Let o(r) = 211*r - 19372. Determine o(91).
-171
Let w(j) = 97*j - 6126. Calculate w(29).
-3313
Let b(w) = 2123*w + 29363. What is b(-15)?
-2482
Let v(a) = a**2 - 1201720*a + 9613701. Calculate v(8).
5
Let s(t) = 3196*t - 54298. Calculate s(17).
34
Let j(q) = -q**2 - 1825782*q + 7303149. Give j(4).
5
Let t(w) = -14*w**3 + 592*w**2 + 403*w - 118. Give t(43).
-1279
Let b(i) = 6*i**2 + 433*i - 2324. Determine b(5).
-9
Let q(a) = -9*a**2 + a + 36. What is q(8)?
-532
Let l(g) = -g**3 + 88*g**2 + 1066*g - 523. What is l(99)?
-2800
Let k(j) = 110*j - 3309. What is k(32)?
211
Let a(n) = -29752*n + 1190054. What is a(40)?
-26
Let f(u) = 4512*u**2 - 4228*u + 9. Calculate f(1).
293
Let s(a) = -13*a**3 + 29*a**2 - 60*a + 21. Calculate s(6).
-2103
Let x(u) = -39*u**2 - 1514*u + 4909. What is x(3)?
16
Let u(g) = -83686*g + 502110. Give u(6).
-6
Let o(h) = -7*h**3 + 14*h**2 - 24*h + 13. What is o(3)?
-122
Let b(l) = 15*l**2 + 185*l - 186. Determine b(1).
14
Let h(r) = -511*r**2 - 1094*r - 87. Determine h(-2).
57
Let i(s) = 41*s**2 + 615*s - 2474. Give i(4).
642
Let s(a) = -8*a**3 - 156*a**2 - 453*a - 30. Calculate s(-16).
50
Let t(b) = b**3 - 338*b**2 + 7801*b + 616. Give t(25).
16
Let m(p) = 11445*p + 10128825. Give m(-885).
0
Let z(l) = -83*l**3 - 360*l**2 - 14*l - 21. What is z(-4)?
-413
Let g(i) = -7*i**3 - i**2 + 6*i + 5. Calculate g(-1).
5
Let u(m) = -m**3 - 48*m**2 + 876*m - 3356. Determine u(-63).
991
Let y(x) = -69*x + 2594. What is y(46)?
-580
Let x(c) = c**3 + 35*c**2 - 245*c - 138. Give x(-39).
3333
Let q(y) = -508*y - 91391. What is q(-180)?
49
Let s(r) = 46360*r - 185418. Calculate s(4).
22
Let c(h) = -11*h**2 - 76*h + 330. What is c(5)?
-325
Let n(m) = -40*m**3 + 62*m**2 - 4*m - 4. What is n(-3)?
1646
Let s(f) = 1021*f + 100453. Determine s(-98).
395
Let m(d) = -144*d**2 + 95*d + 40. Calculate m(1).
-9
Let k(g) = g**3 - 21*g**2 + 145*g - 263. Give k(10).
87
Let z(p) = 69*p**3 + 5795*p**2 - 95*p - 946. Determine z(-84).
-22
Let b(j) = -4*j**3 - 1938*j**2 + 2869*j - 22842. Determine b(-486).
0
Let w(g) = 15888*g + 857955. What is w(-54)?
3
Let q(s) = s**3 + 23*s**2 - 387*s - 5955. Give q(-13).
766
Let u(t) = -74*t**2 - 493*t - 963. Give u(-2).
-273
Let t(d) = 25*d**2 - 1854*d - 11093. Determine t(-6).
931
Let s(h) = 710*h + 3273. Determine s(-4).
433
Let x(f) = f**3 + 48*f**2 - 427*f + 783. Calculate x(5).
-27
Le